{"id":6225,"date":"2025-11-17T16:46:40","date_gmt":"2025-11-17T19:46:40","guid":{"rendered":"https:\/\/chapeucenter.com.br\/index\/produto\/chapeu-resistol-palha-metacalf-george-strait-20x-tam-54\/"},"modified":"2025-11-17T16:46:40","modified_gmt":"2025-11-17T19:46:40","slug":"chapeu-resistol-palha-metacalf-george-strait-20x-tam-54","status":"publish","type":"product","link":"https:\/\/chapeucenter.com.br\/index\/produto\/chapeu-resistol-palha-metacalf-george-strait-20x-tam-54\/","title":{"rendered":"CHAP\u00c9U RESISTOL PALHA METACALF GEORGE STRAIT 20X TAM 54"},"content":{"rendered":"<h2 style=\"margin: 10px 0px;padding: 0px;font-family: Inter;font-weight: bold;line-height: 40px;color: #201f1f;font-size: 31.5px;background-color: #f9f9f9\"><strong style=\"margin: 0px;padding: 0px\">Chap\u00e9u RESISTOL METACALF\u00a020X &#8211; George Strait<\/strong><\/h2>\n<p style=\"margin-right: 0px;margin-bottom: 10px;margin-left: 0px;padding: 0px;color: #201f1f;font-family: Inter;font-size: 12px;background-color: #f9f9f9\">Voc\u00ea est\u00e1 se referindo a um Chap\u00e9u Resistol? Se sim, a Resistol \u00e9 uma marca renomada que fabrica chap\u00e9us de alta qualidade, especialmente conhecidos por sua durabilidade, conforto e design cl\u00e1ssico, sendo populares entre pessoas que frequentam rodeios, competi\u00e7\u00f5es e para quem adora estilo country.<\/p>\n<h3 style=\"margin: 10px 0px;padding: 0px;font-family: Inter;font-weight: bold;line-height: 40px;color: #201f1f;font-size: 24.5px;background-color: #f9f9f9\"><strong style=\"margin: 0px;padding: 0px\">Caracter\u00edsticas:<\/strong><\/h3>\n<ul style=\"margin-right: 0px;margin-bottom: 10px;margin-left: 25px;padding: 0px;list-style-type: inherit;color: #201f1f;font-family: Inter;font-size: 12px;background-color: #f9f9f9\">\n<li style=\"margin: 0px;padding: 0px;line-height: 20px;list-style-type: inherit\"><strong style=\"margin: 0px;padding: 0px\">Material Premium:<\/strong>\u00a0Fabricado em palha fina, garantindo resist\u00eancia e leveza para longas jornadas, sendo palha 20X,\u00a0 cada chap\u00e9u pode apresentar pequenas varia\u00e7\u00f5es em espessura, posi\u00e7\u00e3o e tamanhos de rendas, tornando cada pe\u00e7a \u00fanica (detalhe importante).<\/li>\n<li style=\"margin: 0px;padding: 0px;line-height: 20px;list-style-type: inherit\"><strong style=\"margin: 0px;padding: 0px\">Copa Catlleman\u00a010\u00a0cm:<\/strong>\u00a0Estilo refinado com uma copa cuidadosamente moldada, oferecendo um ajuste perfeito, tornando um modelo de copa baixa.<\/li>\n<li style=\"margin: 0px;padding: 0px;line-height: 20px;list-style-type: inherit\"><strong style=\"margin: 0px;padding: 0px\">Aba\u00a010 cm:<\/strong>\u00a0Proporciona excelente prote\u00e7\u00e3o contra o sol sem perder a eleg\u00e2ncia.<\/li>\n<li style=\"margin: 0px;padding: 0px;line-height: 20px;list-style-type: inherit\"><strong style=\"margin: 0px;padding: 0px\">Carneira em couro leg\u00edtimo:<\/strong>\u00a0Conforto adicional para quem precisa de um ajuste preciso e confort\u00e1vel.<\/li>\n<li style=\"margin: 0px;padding: 0px;line-height: 20px;list-style-type: inherit\"><strong style=\"margin: 0px;padding: 0px\">Banda em couro e broche resistol:<\/strong>\u00a0Detalhe que agrega sofistica\u00e7\u00e3o e versatilidade ao visual, com acabamento impec\u00e1vel,\u00a0garantindo sua originalidade.<\/li>\n<li style=\"margin: 0px;padding: 0px;line-height: 20px;list-style-type: inherit\"><strong style=\"margin: 0px;padding: 0px\">Cor:<\/strong>\u00a0Natural, ideal para combinar com diversos estilos e ocasi\u00f5es.<\/li>\n<li style=\"margin: 0px;padding: 0px;line-height: 20px;list-style-type: inherit\"><strong style=\"margin: 0px;padding: 0px\">Marca:<\/strong>\u00a0Resistol<\/li>\n<\/ul>\n<h2 style=\"margin: 10px 0px;padding: 0px;font-family: Inter;font-weight: bold;line-height: 40px;color: #201f1f;font-size: 31.5px;background-color: #f9f9f9\"><strong style=\"margin: 0px;padding: 0px\">Aten\u00e7\u00e3o na Escolha do Tamanho:<\/strong><\/h2>\n<p style=\"margin-right: 0px;margin-bottom: 10px;margin-left: 0px;padding: 0px;color: #201f1f;font-family: Inter;font-size: 12px;background-color: #f9f9f9\">Cada marca de chap\u00e9u pode ter varia\u00e7\u00f5es no tamanho. Para garantir o melhor ajuste, me\u00e7a a circunfer\u00eancia da sua cabe\u00e7a com precis\u00e3o antes de fazer a compra. Consulte a imagem acima para aprender a medir corretamente. Se precisar de ajuda, nossa equipe est\u00e1 \u00e0 disposi\u00e7\u00e3o para orient\u00e1-lo.<\/p>\n<h2 style=\"margin: 10px 0px;padding: 0px;font-family: Inter;font-weight: bold;line-height: 40px;color: #201f1f;font-size: 31.5px;background-color: #f9f9f9\"><strong style=\"margin: 0px;padding: 0px\">Ajuste e Modelagem do Chap\u00e9u:<\/strong><\/h2>\n<ul style=\"margin-right: 0px;margin-bottom: 10px;margin-left: 25px;padding: 0px;list-style-type: inherit;color: #201f1f;font-family: Inter;font-size: 12px;background-color: #f9f9f9\">\n<li style=\"margin: 0px;padding: 0px;line-height: 20px;list-style-type: inherit\">Gostar\u00edamos de inform\u00e1-lo(a) que o chap\u00e9u \u00e9 moldado seguindo as medidas da copa, de acordo com as especifica\u00e7\u00f5es fornecidas. No entanto, \u00e9 importante observar que, embora a medida da copa seja precisa, ela nem sempre se ajustar\u00e1 perfeitamente ao formato do rosto de cada pessoa. O conforto e o encaixe ideal podem variar dependendo das caracter\u00edsticas faciais individuais.<\/li>\n<li style=\"margin: 0px;padding: 0px;line-height: 20px;list-style-type: inherit\">Em caso de terceiros mexer no molde ou estrutura do chap\u00e9u,\u00a0perde a garantia do produto.<\/li>\n<\/ul>\n<h2 style=\"margin: 10px 0px;padding: 0px;font-family: Inter;font-weight: bold;line-height: 40px;color: #201f1f;font-size: 31.5px;background-color: #f9f9f9\"><strong style=\"margin: 0px;padding: 0px\">Cuidados com o Produto:<\/strong><\/h2>\n<ul style=\"margin-right: 0px;margin-bottom: 10px;margin-left: 25px;padding: 0px;list-style-type: inherit;color: #201f1f;font-family: Inter;font-size: 12px;background-color: #f9f9f9\">\n<li style=\"margin: 0px;padding: 0px;line-height: 20px;list-style-type: inherit\">\n<p style=\"margin-right: 0px;margin-bottom: 10px;margin-left: 0px;padding: 0px\"><strong style=\"margin: 0px;padding: 0px\">Condi\u00e7\u00f5es Clim\u00e1ticas:<\/strong>\u00a0O chap\u00e9u pode ser sens\u00edvel a fatores como umidade, calor e exposi\u00e7\u00e3o ao sol, os quais podem alterar a forma e o ajuste do chap\u00e9u ao longo do tempo.<\/p>\n<\/li>\n<li style=\"margin: 0px;padding: 0px;line-height: 20px;list-style-type: inherit\">\n<p style=\"margin-right: 0px;margin-bottom: 10px;margin-left: 0px;padding: 0px\"><strong style=\"margin: 0px;padding: 0px\">Verifique a embalagem:<\/strong>\u00a0Ao receber o produto, confira a embalagem. Caso a embalagem esteja danificada, n\u00e3o aceite o recebimento para garantir a devolu\u00e7\u00e3o ou reembolso.<\/p>\n<\/li>\n<li style=\"margin: 0px;padding: 0px;line-height: 20px;list-style-type: inherit\">\n<p style=\"margin-right: 0px;margin-bottom: 10px;margin-left: 0px;padding: 0px\"><strong style=\"margin: 0px;padding: 0px\">Condi\u00e7\u00f5es do Produto:<\/strong>\u00a0Se houver algum problema com o chap\u00e9u, mantenha o produto intacto e entre em contato conosco para resolver qualquer d\u00favida.<\/p>\n<\/li>\n<\/ul>\n","protected":false},"excerpt":{"rendered":"<p>Chap\u00e9u RESISTOL METACALF\u00a020X &#8211; George Strait Voc\u00ea est\u00e1 se referindo a um Chap\u00e9u Resistol? Se sim, a Resistol \u00e9 uma marca renomada que fabrica chap\u00e9us de<span class=\"excerpt-hellip\"> [\u2026]<\/span><\/p>\n","protected":false},"featured_media":6218,"template":"","meta":{"_joinchat":[]},"product_brand":[],"product_cat":[79],"product_tag":[],"class_list":{"0":"post-6225","1":"product","2":"type-product","3":"status-publish","4":"has-post-thumbnail","6":"product_cat-resistol","8":"first","9":"instock","10":"shipping-taxable","11":"purchasable","12":"product-type-simple"},"_links":{"self":[{"href":"https:\/\/chapeucenter.com.br\/index\/wp-json\/wp\/v2\/product\/6225","targetHints":{"allow":["GET"]}}],"collection":[{"href":"https:\/\/chapeucenter.com.br\/index\/wp-json\/wp\/v2\/product"}],"about":[{"href":"https:\/\/chapeucenter.com.br\/index\/wp-json\/wp\/v2\/types\/product"}],"wp:featuredmedia":[{"embeddable":true,"href":"https:\/\/chapeucenter.com.br\/index\/wp-json\/wp\/v2\/media\/6218"}],"wp:attachment":[{"href":"https:\/\/chapeucenter.com.br\/index\/wp-json\/wp\/v2\/media?parent=6225"}],"wp:term":[{"taxonomy":"product_brand","embeddable":true,"href":"https:\/\/chapeucenter.com.br\/index\/wp-json\/wp\/v2\/product_brand?post=6225"},{"taxonomy":"product_cat","embeddable":true,"href":"https:\/\/chapeucenter.com.br\/index\/wp-json\/wp\/v2\/product_cat?post=6225"},{"taxonomy":"product_tag","embeddable":true,"href":"https:\/\/chapeucenter.com.br\/index\/wp-json\/wp\/v2\/product_tag?post=6225"}],"curies":[{"name":"wp","href":"https:\/\/api.w.org\/{rel}","templated":true}]}}