{"id":5764,"date":"2025-10-29T16:37:43","date_gmt":"2025-10-29T19:37:43","guid":{"rendered":"https:\/\/chapeucenter.com.br\/index\/produto\/chapeu-pralana-australia-cotton-natural-aba-7-p\/"},"modified":"2026-03-25T13:39:19","modified_gmt":"2026-03-25T16:39:19","slug":"chapeu-pralana-australia-cotton-natural-aba-7-p","status":"publish","type":"product","link":"https:\/\/chapeucenter.com.br\/index\/produto\/chapeu-pralana-australia-cotton-natural-aba-7-p\/","title":{"rendered":"CHAP\u00c9U PRALANA AUSTR\u00c1LIA COTTON NATURAL ABA 7 P"},"content":{"rendered":"<p><span>Chap\u00e9u Pralana Austr\u00e1lia Cotton Natural Aba 7 Lan\u00e7amento<\/span><\/p>\n<p><span>Marca: Pralana<\/span><br \/><span>Material: 100% algod\u00e3o.<\/span><br \/><span>Aba: 7cm.<\/span><br \/><span>Copa: 11cm.<\/span><br \/><span>D\u00favidas<\/span><\/p>\n<p><span>&#8220;Ser\u00e1 que o tamanho vai servir?&#8221;<\/span><\/p>\n<p><span> Fique tranquilo! O Chap\u00e9u Pralana Austr\u00e1lia Cotton Natural Aba 7 Lan\u00e7amento est\u00e1 dispon\u00edvel em diversos tamanhos (P ao GG) para garantir o ajuste perfeito.<\/span><\/p>\n<p><span>Mediu 54-55 seu chap\u00e9u a ser escolhido \u00e9 o P.<\/span><\/p>\n<p><span>Mediu 56-57 seu chap\u00e9u a ser escolhido \u00e9 o M.<\/span><\/p>\n<p><span>Mediu 58-59 seu chap\u00e9u a ser escolhido \u00e9 o G.<\/span><\/p>\n<p><span>Mediu 60-61 seu chap\u00e9u a ser escolhido \u00e9 o GG.<\/span><span><\/span><\/p>\n<p><span>Estilo: Chap\u00e9u Pralana, muito conforto e estilo, proporcionando o melhor da moda country!<\/span><\/p>\n<p><span>OBS: Os produtos podem apresentar pequena varia\u00e7\u00e3o de cores devido ao flash da c\u00e2mera fotogr\u00e1fica, configura\u00e7\u00e3o de monitor e dispositivos m\u00f3veis.<\/span><\/p>\n<div id=\"ag-1753358117414\"><\/div>\n","protected":false},"excerpt":{"rendered":"<p>Chap\u00e9u Pralana Austr\u00e1lia Cotton Natural Aba 7 Lan\u00e7amento Marca: PralanaMaterial: 100% algod\u00e3o.Aba: 7cm.Copa: 11cm.D\u00favidas &#8220;Ser\u00e1 que o tamanho vai servir?&#8221; Fique tranquilo! O Chap\u00e9u Pralana Austr\u00e1lia<span class=\"excerpt-hellip\"> [\u2026]<\/span><\/p>\n","protected":false},"featured_media":5763,"template":"","meta":{"_joinchat":[]},"product_brand":[],"product_cat":[48],"product_tag":[],"class_list":{"0":"post-5764","1":"product","2":"type-product","3":"status-publish","4":"has-post-thumbnail","6":"product_cat-cotton","8":"first","9":"instock","10":"shipping-taxable","11":"purchasable","12":"product-type-simple"},"_links":{"self":[{"href":"https:\/\/chapeucenter.com.br\/index\/wp-json\/wp\/v2\/product\/5764","targetHints":{"allow":["GET"]}}],"collection":[{"href":"https:\/\/chapeucenter.com.br\/index\/wp-json\/wp\/v2\/product"}],"about":[{"href":"https:\/\/chapeucenter.com.br\/index\/wp-json\/wp\/v2\/types\/product"}],"wp:featuredmedia":[{"embeddable":true,"href":"https:\/\/chapeucenter.com.br\/index\/wp-json\/wp\/v2\/media\/5763"}],"wp:attachment":[{"href":"https:\/\/chapeucenter.com.br\/index\/wp-json\/wp\/v2\/media?parent=5764"}],"wp:term":[{"taxonomy":"product_brand","embeddable":true,"href":"https:\/\/chapeucenter.com.br\/index\/wp-json\/wp\/v2\/product_brand?post=5764"},{"taxonomy":"product_cat","embeddable":true,"href":"https:\/\/chapeucenter.com.br\/index\/wp-json\/wp\/v2\/product_cat?post=5764"},{"taxonomy":"product_tag","embeddable":true,"href":"https:\/\/chapeucenter.com.br\/index\/wp-json\/wp\/v2\/product_tag?post=5764"}],"curies":[{"name":"wp","href":"https:\/\/api.w.org\/{rel}","templated":true}]}}