{"id":4964,"date":"2025-06-26T08:41:16","date_gmt":"2025-06-26T11:41:16","guid":{"rendered":"https:\/\/chapeucenter.com.br\/index\/produto\/chapeu-personalizado-arizona-hats-tematico-com-desenhos-a-laser-aba-10-tam-g\/"},"modified":"2026-03-25T13:32:46","modified_gmt":"2026-03-25T16:32:46","slug":"chapeu-personalizado-arizona-hats-tematico-com-desenhos-a-laser-aba-10-tam-g","status":"publish","type":"product","link":"https:\/\/chapeucenter.com.br\/index\/produto\/chapeu-personalizado-arizona-hats-tematico-com-desenhos-a-laser-aba-10-tam-g\/","title":{"rendered":"CHAP\u00c9U PERSONALIZADO ARIZONA HATS TEM\u00c1TICO COM DESENHOS A LASER ABA 10 TAM G"},"content":{"rendered":"<p>CHAP\u00c9U PERSONALIZADO ARIZONA HATS COM DESENHOS FEITO A LASER<\/p>\n<p>DISPON\u00cdVEL NA ABA 10, 9 E 8,5<\/p>\n<p>COR: BRANCO GELO<\/p>\n<p>TAMANHOS:<\/p>\n<p>PP(53CM)<\/p>\n<p>P(55-54)<\/p>\n<p>M(57-56)<\/p>\n<p>G(59-58)<\/p>\n<p>GG(61-60)<\/p>\n","protected":false},"excerpt":{"rendered":"<p>&nbsp;<\/p>\n","protected":false},"featured_media":4951,"template":"","meta":{"_joinchat":[]},"product_brand":[],"product_cat":[24],"product_tag":[],"class_list":{"0":"post-4964","1":"product","2":"type-product","3":"status-publish","4":"has-post-thumbnail","6":"product_cat-promocoes","8":"first","9":"instock","10":"shipping-taxable","11":"purchasable","12":"product-type-simple"},"_links":{"self":[{"href":"https:\/\/chapeucenter.com.br\/index\/wp-json\/wp\/v2\/product\/4964","targetHints":{"allow":["GET"]}}],"collection":[{"href":"https:\/\/chapeucenter.com.br\/index\/wp-json\/wp\/v2\/product"}],"about":[{"href":"https:\/\/chapeucenter.com.br\/index\/wp-json\/wp\/v2\/types\/product"}],"wp:featuredmedia":[{"embeddable":true,"href":"https:\/\/chapeucenter.com.br\/index\/wp-json\/wp\/v2\/media\/4951"}],"wp:attachment":[{"href":"https:\/\/chapeucenter.com.br\/index\/wp-json\/wp\/v2\/media?parent=4964"}],"wp:term":[{"taxonomy":"product_brand","embeddable":true,"href":"https:\/\/chapeucenter.com.br\/index\/wp-json\/wp\/v2\/product_brand?post=4964"},{"taxonomy":"product_cat","embeddable":true,"href":"https:\/\/chapeucenter.com.br\/index\/wp-json\/wp\/v2\/product_cat?post=4964"},{"taxonomy":"product_tag","embeddable":true,"href":"https:\/\/chapeucenter.com.br\/index\/wp-json\/wp\/v2\/product_tag?post=4964"}],"curies":[{"name":"wp","href":"https:\/\/api.w.org\/{rel}","templated":true}]}}