{"id":4633,"date":"2025-05-13T09:02:20","date_gmt":"2025-05-13T12:02:20","guid":{"rendered":"https:\/\/chapeucenter.com.br\/index\/produto\/chapeu-country-pralana-arizona-rosa-claro-m\/"},"modified":"2026-03-25T13:29:10","modified_gmt":"2026-03-25T16:29:10","slug":"chapeu-country-pralana-arizona-rosa-claro-m","status":"publish","type":"product","link":"https:\/\/chapeucenter.com.br\/index\/produto\/chapeu-country-pralana-arizona-rosa-claro-m\/","title":{"rendered":"CHAPEU COUNTRY PRALANA ARIZONA ROSA CLARO M"},"content":{"rendered":"<p><span style=\"font-family: 'Proxima Nova', -apple-system, Roboto, Arial, sans-serif;font-size: 20px\">Chap\u00e9u Pralana Arizona VI, Aba 10. Cor: rosa claro.\u00a0<\/span><\/p>\n<p><span style=\"font-family: 'Proxima Nova', -apple-system, Roboto, Arial, sans-serif;font-size: 20px\"> O Chap\u00e9u Arizona VI \u00e9 uma pe\u00e7a de estilo country, sofisticado, delicado e fabricada em feltro 100% l\u00e3 importado. <\/span><\/p>\n<p><span style=\"font-family: 'Proxima Nova', -apple-system, Roboto, Arial, sans-serif;font-size: 20px\">Al\u00e9m disso, o chap\u00e9u tamb\u00e9m \u00e9 resistente \u00e0 \u00e1gua. <\/span><\/p>\n<p><span style=\"font-family: 'Proxima Nova', -apple-system, Roboto, Arial, sans-serif;font-size: 20px\">A marca Pralana \u00e9 conhecida por sua qualidade no mercado de chap\u00e9us, oferecendo durabilidade, acabamento impec\u00e1vel e estilo. <\/span><\/p>\n<p><span style=\"font-family: 'Proxima Nova', -apple-system, Roboto, Arial, sans-serif;font-size: 20px\">Especifica\u00e7\u00f5es T\u00e9cnicas <\/span><\/p>\n<p><span style=\"font-family: 'Proxima Nova', -apple-system, Roboto, Arial, sans-serif;font-size: 20px\">&#8211; Produzido em 100% Feltro e L\u00e3; <\/span><\/p>\n<p><span style=\"font-family: 'Proxima Nova', -apple-system, Roboto, Arial, sans-serif;font-size: 20px\">&#8211; Largura da aba 10cm <\/span><\/p>\n<p><span style=\"font-family: 'Proxima Nova', -apple-system, Roboto, Arial, sans-serif;font-size: 20px\">&#8211; Chap\u00e9u ideal para rodeios, festas country, exposi\u00e7\u00f5es e para arrasar nas fotos; <\/span><\/p>\n<p><span style=\"font-family: 'Proxima Nova', -apple-system, Roboto, Arial, sans-serif;font-size: 20px\">Tabela de medidas: <\/span><\/p>\n<p><span style=\"font-family: 'Proxima Nova', -apple-system, Roboto, Arial, sans-serif;font-size: 20px\">Tamanho PP 52\/53cm; <\/span><\/p>\n<p><span style=\"font-family: 'Proxima Nova', -apple-system, Roboto, Arial, sans-serif;font-size: 20px\">Tamanho P 54\/55cm; <\/span><\/p>\n<p><span style=\"font-family: 'Proxima Nova', -apple-system, Roboto, Arial, sans-serif;font-size: 20px\">Tamanho M 56\/57cm; <\/span><\/p>\n<p><span style=\"font-family: 'Proxima Nova', -apple-system, Roboto, Arial, sans-serif;font-size: 20px\">Tamanho G 58\/59cm; <\/span><\/p>\n<p><span style=\"font-family: 'Proxima Nova', -apple-system, Roboto, Arial, sans-serif;font-size: 20px\">Tamanho GG 60\/61;<\/span><\/p>\n<div id=\"ag-1746788059900\"><\/div>\n","protected":false},"excerpt":{"rendered":"<p>Chap\u00e9u Pralana Arizona VI, Aba 10. Cor: rosa claro.\u00a0 O Chap\u00e9u Arizona VI \u00e9 uma pe\u00e7a de estilo country, sofisticado, delicado e fabricada em feltro 100%<span class=\"excerpt-hellip\"> [\u2026]<\/span><\/p>\n","protected":false},"featured_media":4627,"template":"","meta":{"_joinchat":[]},"product_brand":[],"product_cat":[42],"product_tag":[],"class_list":{"0":"post-4633","1":"product","2":"type-product","3":"status-publish","4":"has-post-thumbnail","6":"product_cat-arizona","8":"first","9":"instock","10":"shipping-taxable","11":"purchasable","12":"product-type-simple"},"_links":{"self":[{"href":"https:\/\/chapeucenter.com.br\/index\/wp-json\/wp\/v2\/product\/4633","targetHints":{"allow":["GET"]}}],"collection":[{"href":"https:\/\/chapeucenter.com.br\/index\/wp-json\/wp\/v2\/product"}],"about":[{"href":"https:\/\/chapeucenter.com.br\/index\/wp-json\/wp\/v2\/types\/product"}],"wp:featuredmedia":[{"embeddable":true,"href":"https:\/\/chapeucenter.com.br\/index\/wp-json\/wp\/v2\/media\/4627"}],"wp:attachment":[{"href":"https:\/\/chapeucenter.com.br\/index\/wp-json\/wp\/v2\/media?parent=4633"}],"wp:term":[{"taxonomy":"product_brand","embeddable":true,"href":"https:\/\/chapeucenter.com.br\/index\/wp-json\/wp\/v2\/product_brand?post=4633"},{"taxonomy":"product_cat","embeddable":true,"href":"https:\/\/chapeucenter.com.br\/index\/wp-json\/wp\/v2\/product_cat?post=4633"},{"taxonomy":"product_tag","embeddable":true,"href":"https:\/\/chapeucenter.com.br\/index\/wp-json\/wp\/v2\/product_tag?post=4633"}],"curies":[{"name":"wp","href":"https:\/\/api.w.org\/{rel}","templated":true}]}}