{"id":3160,"date":"2024-12-12T13:46:58","date_gmt":"2024-12-12T16:46:58","guid":{"rendered":"https:\/\/chapeucenter.com.br\/index\/produto\/chapeu-3-cravos-preto-aba-10-c-banda-de-argola-tam-pp\/"},"modified":"2026-03-25T13:19:38","modified_gmt":"2026-03-25T16:19:38","slug":"chapeu-3-cravos-preto-aba-10-c-banda-de-argola-tam-pp","status":"publish","type":"product","link":"https:\/\/chapeucenter.com.br\/index\/produto\/chapeu-3-cravos-preto-aba-10-c-banda-de-argola-tam-pp\/","title":{"rendered":"CHAP\u00c9U 3 CRAVOS PRETO ABA 10 C\/ BANDA DE ARGOLA TAM PP"},"content":{"rendered":"<p style=\"margin-bottom: 15px;padding: 0px;border: 0px;font-size: 15px;line-height: inherit;font-family: 'Nunito Sans', -apple-system, BlinkMacSystemFont, 'Segoe UI', Roboto, Oxygen-Sans, Ubuntu, Cantarell, 'Helvetica Neue', sans-serif;vertical-align: baseline;color: #626262\"><span style=\"margin: 0px;padding: 0px;border: 0px;font-style: inherit;font-variant: inherit;font-weight: inherit;font-size: inherit;line-height: inherit;font-family: Montserrat, sans-serif;vertical-align: baseline;color: #3f4254\"><span style=\"margin: 0px;padding: 0px;border: 0px;font-style: inherit;font-variant: inherit;font-weight: inherit;font-size: 13px;line-height: inherit;font-family: inherit;vertical-align: baseline\">PRODUTO REFERE-SE A UM CHAP\u00c9U PERSONALIZADO FEITO A M\u00c3O !!<\/span><\/span><\/p>\n<p style=\"margin-bottom: 15px;padding: 0px;border: 0px;font-size: 15px;line-height: inherit;font-family: 'Nunito Sans', -apple-system, BlinkMacSystemFont, 'Segoe UI', Roboto, Oxygen-Sans, Ubuntu, Cantarell, 'Helvetica Neue', sans-serif;vertical-align: baseline;color: #626262\"><span style=\"margin: 0px;padding: 0px;border: 0px;font-style: inherit;font-variant: inherit;font-weight: inherit;font-size: inherit;line-height: inherit;font-family: Montserrat, sans-serif;vertical-align: baseline;color: #3f4254\"><span style=\"margin: 0px;padding: 0px;border: 0px;font-style: inherit;font-variant: inherit;font-weight: inherit;font-size: 13px;line-height: inherit;font-family: inherit;vertical-align: baseline\">POR SER ARTESANAL, PODE HAVER PEQUENAS VARIA\u00c7\u00d5ES EM TONS DE CORES DOS ACESS\u00d3RIOS.<\/span><\/span><\/p>\n<p style=\"margin-bottom: 15px;padding: 0px;border: 0px;font-size: 15px;line-height: inherit;font-family: 'Nunito Sans', -apple-system, BlinkMacSystemFont, 'Segoe UI', Roboto, Oxygen-Sans, Ubuntu, Cantarell, 'Helvetica Neue', sans-serif;vertical-align: baseline;color: #626262\"><span style=\"margin: 0px;padding: 0px;border: 0px;font-style: inherit;font-variant: inherit;font-weight: inherit;font-size: inherit;line-height: inherit;font-family: Montserrat, sans-serif;vertical-align: baseline;color: #3f4254\"><span style=\"margin: 0px;padding: 0px;border: 0px;font-style: inherit;font-variant: inherit;font-weight: inherit;font-size: 13px;line-height: inherit;font-family: inherit;vertical-align: baseline\">POREM O ESTILOCONTINUA O MESMO DAS FOTOS.<\/span><\/span><\/p>\n<p style=\"margin-bottom: 15px;padding: 0px;border: 0px;font-size: 15px;line-height: inherit;font-family: 'Nunito Sans', -apple-system, BlinkMacSystemFont, 'Segoe UI', Roboto, Oxygen-Sans, Ubuntu, Cantarell, 'Helvetica Neue', sans-serif;vertical-align: baseline;color: #626262\"><span style=\"margin: 0px;padding: 0px;border: 0px;font-style: inherit;font-variant: inherit;font-weight: inherit;font-size: inherit;line-height: inherit;font-family: Montserrat, sans-serif;vertical-align: baseline;color: #3f4254\"><span style=\"margin: 0px;padding: 0px;border: 0px;font-style: inherit;font-variant: inherit;font-weight: inherit;font-size: 13px;line-height: inherit;font-family: inherit;vertical-align: baseline\">\u00a0<\/span><\/span><\/p>\n<p style=\"margin-bottom: 15px;padding: 0px;border: 0px;font-size: 15px;line-height: inherit;font-family: 'Nunito Sans', -apple-system, BlinkMacSystemFont, 'Segoe UI', Roboto, Oxygen-Sans, Ubuntu, Cantarell, 'Helvetica Neue', sans-serif;vertical-align: baseline;color: #626262\"><span style=\"margin: 0px;padding: 0px;border: 0px;font-style: inherit;font-variant: inherit;font-weight: inherit;font-size: inherit;line-height: inherit;font-family: Montserrat, sans-serif;vertical-align: baseline;color: #3f4254\"><span style=\"margin: 0px;padding: 0px;border: 0px;font-style: inherit;font-variant: inherit;font-weight: inherit;font-size: 13px;line-height: inherit;font-family: inherit;vertical-align: baseline\">Temos op\u00e7\u00e3o de fazer para casal com detalhes parecidos para combinarem, por exemplo um aba 7,5 e outro aba 10 cm,<\/span><\/span><\/p>\n<p style=\"margin-bottom: 15px;padding: 0px;border: 0px;font-size: 15px;line-height: inherit;font-family: 'Nunito Sans', -apple-system, BlinkMacSystemFont, 'Segoe UI', Roboto, Oxygen-Sans, Ubuntu, Cantarell, 'Helvetica Neue', sans-serif;vertical-align: baseline;color: #626262\"><span style=\"margin: 0px;padding: 0px;border: 0px;font-style: inherit;font-variant: inherit;font-weight: inherit;font-size: inherit;line-height: inherit;font-family: Montserrat, sans-serif;vertical-align: baseline;color: #3f4254\"><span style=\"margin: 0px;padding: 0px;border: 0px;font-style: inherit;font-variant: inherit;font-weight: inherit;font-size: 13px;line-height: inherit;font-family: inherit;vertical-align: baseline\">\u00a0<\/span><\/span><\/p>\n<p style=\"margin-bottom: 15px;padding: 0px;border: 0px;font-size: 15px;line-height: inherit;font-family: 'Nunito Sans', -apple-system, BlinkMacSystemFont, 'Segoe UI', Roboto, Oxygen-Sans, Ubuntu, Cantarell, 'Helvetica Neue', sans-serif;vertical-align: baseline;color: #626262\"><span style=\"margin: 0px;padding: 0px;border: 0px;font-style: inherit;font-variant: inherit;font-weight: inherit;font-size: inherit;line-height: inherit;font-family: Montserrat, sans-serif;vertical-align: baseline;color: #3f4254\"><span style=\"margin: 0px;padding: 0px;border: 0px;font-style: inherit;font-variant: inherit;font-weight: inherit;font-size: 13px;line-height: inherit;font-family: inherit;vertical-align: baseline\">Temos tamb\u00e9m op\u00e7\u00f5es de outros tamanhos de aba , com e sem strass , etc , fa\u00e7a todas perguntas antes da compra ,<\/span><\/span><\/p>\n<p style=\"margin-bottom: 15px;padding: 0px;border: 0px;font-size: 15px;line-height: inherit;font-family: 'Nunito Sans', -apple-system, BlinkMacSystemFont, 'Segoe UI', Roboto, Oxygen-Sans, Ubuntu, Cantarell, 'Helvetica Neue', sans-serif;vertical-align: baseline;color: #626262\"><span style=\"margin: 0px;padding: 0px;border: 0px;font-style: inherit;font-variant: inherit;font-weight: inherit;font-size: inherit;line-height: inherit;font-family: Montserrat, sans-serif;vertical-align: baseline;color: #3f4254\"><span style=\"margin: 0px;padding: 0px;border: 0px;font-style: inherit;font-variant: inherit;font-weight: inherit;font-size: 13px;line-height: inherit;font-family: inherit;vertical-align: baseline\">\u00a0<\/span><\/span><\/p>\n<p style=\"margin-bottom: 15px;padding: 0px;border: 0px;font-size: 15px;line-height: inherit;font-family: 'Nunito Sans', -apple-system, BlinkMacSystemFont, 'Segoe UI', Roboto, Oxygen-Sans, Ubuntu, Cantarell, 'Helvetica Neue', sans-serif;vertical-align: baseline;color: #626262\"><span style=\"margin: 0px;padding: 0px;border: 0px;font-style: inherit;font-variant: inherit;font-weight: inherit;font-size: inherit;line-height: inherit;font-family: Montserrat, sans-serif;vertical-align: baseline;color: #3f4254\"><span style=\"margin: 0px;padding: 0px;border: 0px;font-style: inherit;font-variant: inherit;font-weight: inherit;font-size: 13px;line-height: inherit;font-family: inherit;vertical-align: baseline\">O modelo Classic 5X \u00e9 fabricado em feltro 100% l\u00e3 e possui um acabamento nobre, est\u00e1 muito em alta no momento sendo usado por grandes nomes do sertanejo como por exemplo \u2026\u2026. .\u00a0<\/span><\/span><\/p>\n<p style=\"margin-bottom: 15px;padding: 0px;border: 0px;font-size: 15px;line-height: inherit;font-family: 'Nunito Sans', -apple-system, BlinkMacSystemFont, 'Segoe UI', Roboto, Oxygen-Sans, Ubuntu, Cantarell, 'Helvetica Neue', sans-serif;vertical-align: baseline;color: #626262\"><span style=\"margin: 0px;padding: 0px;border: 0px;font-style: inherit;font-variant: inherit;font-weight: inherit;font-size: inherit;line-height: inherit;font-family: Montserrat, sans-serif;vertical-align: baseline;color: #3f4254\"><span style=\"margin: 0px;padding: 0px;border: 0px;font-style: inherit;font-variant: inherit;font-weight: inherit;font-size: 13px;line-height: inherit;font-family: inherit;vertical-align: baseline\">Possui copa 11,5 e aba 10 cm com banda de couro com detalhes em nylon e aplica\u00e7\u00f5es em metal n. Um modelo sofisticado e de alt\u00edssima qualidade, seguindo o padr\u00e3o da marca. Para quem quer ser elegante ao escolher o chap\u00e9u perfeito. Merece uma aten\u00e7\u00e3o especial afinal ele \u00e9 muito mais que um acess\u00f3rio, ele \u00e9 a tradu\u00e7\u00e3o da sua personalidade.<\/span><\/span><\/p>\n<p style=\"margin-bottom: 15px;padding: 0px;border: 0px;font-size: 15px;line-height: inherit;font-family: 'Nunito Sans', -apple-system, BlinkMacSystemFont, 'Segoe UI', Roboto, Oxygen-Sans, Ubuntu, Cantarell, 'Helvetica Neue', sans-serif;vertical-align: baseline;color: #626262\"><span style=\"margin: 0px;padding: 0px;border: 0px;font-style: inherit;font-variant: inherit;font-weight: inherit;font-size: inherit;line-height: inherit;font-family: Montserrat, sans-serif;vertical-align: baseline;color: #3f4254\"><span style=\"margin: 0px;padding: 0px;border: 0px;font-style: inherit;font-variant: inherit;font-weight: inherit;font-size: 13px;line-height: inherit;font-family: inherit;vertical-align: baseline\">\u00a0<\/span><\/span><\/p>\n<p style=\"margin-bottom: 15px;padding: 0px;border: 0px;font-size: 15px;line-height: inherit;font-family: 'Nunito Sans', -apple-system, BlinkMacSystemFont, 'Segoe UI', Roboto, Oxygen-Sans, Ubuntu, Cantarell, 'Helvetica Neue', sans-serif;vertical-align: baseline;color: #626262\"><span style=\"margin: 0px;padding: 0px;border: 0px;font-style: inherit;font-variant: inherit;font-weight: inherit;font-size: inherit;line-height: inherit;font-family: Montserrat, sans-serif;vertical-align: baseline;color: #3f4254\"><span style=\"margin: 0px;padding: 0px;border: 0px;font-style: inherit;font-variant: inherit;font-weight: inherit;font-size: 13px;line-height: inherit;font-family: inherit;vertical-align: baseline\">-Modelo: Classic 5X 100 feltro pralana original<\/span><\/span><\/p>\n<p style=\"margin-bottom: 15px;padding: 0px;border: 0px;font-size: 15px;line-height: inherit;font-family: 'Nunito Sans', -apple-system, BlinkMacSystemFont, 'Segoe UI', Roboto, Oxygen-Sans, Ubuntu, Cantarell, 'Helvetica Neue', sans-serif;vertical-align: baseline;color: #626262\"><span style=\"margin: 0px;padding: 0px;border: 0px;font-style: inherit;font-variant: inherit;font-weight: inherit;font-size: inherit;line-height: inherit;font-family: Montserrat, sans-serif;vertical-align: baseline;color: #3f4254\"><span style=\"margin: 0px;padding: 0px;border: 0px;font-style: inherit;font-variant: inherit;font-weight: inherit;font-size: 13px;line-height: inherit;font-family: inherit;vertical-align: baseline\">\u00a0<\/span><\/span><\/p>\n<p style=\"margin-bottom: 15px;padding: 0px;border: 0px;font-size: 15px;line-height: inherit;font-family: 'Nunito Sans', -apple-system, BlinkMacSystemFont, 'Segoe UI', Roboto, Oxygen-Sans, Ubuntu, Cantarell, 'Helvetica Neue', sans-serif;vertical-align: baseline;color: #626262\"><span style=\"margin: 0px;padding: 0px;border: 0px;font-style: inherit;font-variant: inherit;font-weight: inherit;font-size: inherit;line-height: inherit;font-family: Montserrat, sans-serif;vertical-align: baseline;color: #3f4254\"><span style=\"margin: 0px;padding: 0px;border: 0px;font-style: inherit;font-variant: inherit;font-weight: inherit;font-size: 13px;line-height: inherit;font-family: inherit;vertical-align: baseline\">\u2013 Marca: Pralana<\/span><\/span><\/p>\n<p style=\"margin-bottom: 15px;padding: 0px;border: 0px;font-size: 15px;line-height: inherit;font-family: 'Nunito Sans', -apple-system, BlinkMacSystemFont, 'Segoe UI', Roboto, Oxygen-Sans, Ubuntu, Cantarell, 'Helvetica Neue', sans-serif;vertical-align: baseline;color: #626262\"><span style=\"margin: 0px;padding: 0px;border: 0px;font-style: inherit;font-variant: inherit;font-weight: inherit;font-size: inherit;line-height: inherit;font-family: Montserrat, sans-serif;vertical-align: baseline;color: #3f4254\"><span style=\"margin: 0px;padding: 0px;border: 0px;font-style: inherit;font-variant: inherit;font-weight: inherit;font-size: 13px;line-height: inherit;font-family: inherit;vertical-align: baseline\">\u00a0<\/span><\/span><\/p>\n<p style=\"margin-bottom: 15px;padding: 0px;border: 0px;font-size: 15px;line-height: inherit;font-family: 'Nunito Sans', -apple-system, BlinkMacSystemFont, 'Segoe UI', Roboto, Oxygen-Sans, Ubuntu, Cantarell, 'Helvetica Neue', sans-serif;vertical-align: baseline;color: #626262\"><span style=\"margin: 0px;padding: 0px;border: 0px;font-style: inherit;font-variant: inherit;font-weight: inherit;font-size: inherit;line-height: inherit;font-family: Montserrat, sans-serif;vertical-align: baseline;color: #3f4254\"><span style=\"margin: 0px;padding: 0px;border: 0px;font-style: inherit;font-variant: inherit;font-weight: inherit;font-size: 13px;line-height: inherit;font-family: inherit;vertical-align: baseline\">-Cor: PRETO<\/span><\/span><\/p>\n<p style=\"margin-bottom: 15px;padding: 0px;border: 0px;font-size: 15px;line-height: inherit;font-family: 'Nunito Sans', -apple-system, BlinkMacSystemFont, 'Segoe UI', Roboto, Oxygen-Sans, Ubuntu, Cantarell, 'Helvetica Neue', sans-serif;vertical-align: baseline;color: #626262\"><span style=\"margin: 0px;padding: 0px;border: 0px;font-style: inherit;font-variant: inherit;font-weight: inherit;font-size: inherit;line-height: inherit;font-family: Montserrat, sans-serif;vertical-align: baseline;color: #3f4254\"><span style=\"margin: 0px;padding: 0px;border: 0px;font-style: inherit;font-variant: inherit;font-weight: inherit;font-size: 13px;line-height: inherit;font-family: inherit;vertical-align: baseline\">\u00a0<\/span><\/span><\/p>\n<p style=\"margin-bottom: 15px;padding: 0px;border: 0px;font-size: 15px;line-height: inherit;font-family: 'Nunito Sans', -apple-system, BlinkMacSystemFont, 'Segoe UI', Roboto, Oxygen-Sans, Ubuntu, Cantarell, 'Helvetica Neue', sans-serif;vertical-align: baseline;color: #626262\"><span style=\"margin: 0px;padding: 0px;border: 0px;font-style: inherit;font-variant: inherit;font-weight: inherit;font-size: inherit;line-height: inherit;font-family: Montserrat, sans-serif;vertical-align: baseline;color: #3f4254\"><span style=\"margin: 0px;padding: 0px;border: 0px;font-style: inherit;font-variant: inherit;font-weight: inherit;font-size: 13px;line-height: inherit;font-family: inherit;vertical-align: baseline\">-Material: Chap\u00e9u em Feltro 100% l\u00e3<\/span><\/span><\/p>\n","protected":false},"excerpt":{"rendered":"<p>PRODUTO REFERE-SE A UM CHAP\u00c9U PERSONALIZADO FEITO A M\u00c3O !! POR SER ARTESANAL, PODE HAVER PEQUENAS VARIA\u00c7\u00d5ES EM TONS DE CORES DOS ACESS\u00d3RIOS. POREM O ESTILOCONTINUA<span class=\"excerpt-hellip\"> [\u2026]<\/span><\/p>\n","protected":false},"featured_media":3158,"template":"","meta":{"_joinchat":[]},"product_brand":[],"product_cat":[49],"product_tag":[],"class_list":{"0":"post-3160","1":"product","2":"type-product","3":"status-publish","4":"has-post-thumbnail","6":"product_cat-3-cravos-aba-10","8":"first","9":"instock","10":"shipping-taxable","11":"purchasable","12":"product-type-simple"},"_links":{"self":[{"href":"https:\/\/chapeucenter.com.br\/index\/wp-json\/wp\/v2\/product\/3160","targetHints":{"allow":["GET"]}}],"collection":[{"href":"https:\/\/chapeucenter.com.br\/index\/wp-json\/wp\/v2\/product"}],"about":[{"href":"https:\/\/chapeucenter.com.br\/index\/wp-json\/wp\/v2\/types\/product"}],"wp:featuredmedia":[{"embeddable":true,"href":"https:\/\/chapeucenter.com.br\/index\/wp-json\/wp\/v2\/media\/3158"}],"wp:attachment":[{"href":"https:\/\/chapeucenter.com.br\/index\/wp-json\/wp\/v2\/media?parent=3160"}],"wp:term":[{"taxonomy":"product_brand","embeddable":true,"href":"https:\/\/chapeucenter.com.br\/index\/wp-json\/wp\/v2\/product_brand?post=3160"},{"taxonomy":"product_cat","embeddable":true,"href":"https:\/\/chapeucenter.com.br\/index\/wp-json\/wp\/v2\/product_cat?post=3160"},{"taxonomy":"product_tag","embeddable":true,"href":"https:\/\/chapeucenter.com.br\/index\/wp-json\/wp\/v2\/product_tag?post=3160"}],"curies":[{"name":"wp","href":"https:\/\/api.w.org\/{rel}","templated":true}]}}